igit of a(-7)?
8
Suppose o - 4*g = 4 - 20, g = -5*o + 4. Suppose 2*n + 8 = o, -37 - 105 = -3*s - 2*n. Let t = 91 - s. What is the tens digit of t?
4
Suppose 68 = -4*w + 172. Suppose 0 + w = o. What is the units digit of o?
6
Let d = 22 + -12. Let n = 80 + d. What is the units digit of n?
0
Suppose 8*b = 4*b + 44. Let k(d) = -9*d**2 + 13 + b*d - 3*d**2 - d**3 + 5*d**3 - 3*d**3. What is the units digit of k(11)?
3
Let o = 9302 - 5069. What is the thousands digit of o?
4
Let w = 1227 - 259. What is the tens digit of w?
6
Let z(y) = 13*y**2 - 2*y - 7. Let g be z(4). Suppose -26*t = -27*t + g. What is the hundreds digit of t?
1
Let o = -14 + 16. Suppose 2*v - o*n - 27 = -5, 0 = 4*n + 8. Suppose -v*j - 36 = -11*j. What is the units digit of j?
8
Let l(g) = 3*g + 3. Let v be l(2). Suppose -12*m = -v*m - 24. Suppose 2*q + 0*q + 41 = u, 2*q = m. What is the tens digit of u?
4
Suppose 3*a + 19*v = 24*v + 2134, -2*v = -2*a + 1416. What is the tens digit of a?
0
Suppose 8*h = 5*h. Let w be h - (-18)/(8/4). What is the units digit of (68/(-6))/((-3)/w)?
4
What is the hundreds digit of (6*5/(-30))/((-2)/3232)?
6
What is the tens digit of 28340/8 - (-13)/26?
4
Let t(k) = 4*k**3 - 41*k**2 + 238*k + 16. What is the tens digit of t(6)?
3
Suppose 0 = h + 5 - 9. Suppose -5*d = h*f - 424, -2*d - 4*f - 28 + 200 = 0. What is the tens digit of d?
8
Let x = -100 - -76. Let n = x + 82. What is the tens digit of n?
5
Let v(w) = -56*w - 48. What is the hundreds digit of v(-8)?
4
Suppose -3*s - 20 = -86. Let l = s - 0. Let y = l + -16. What is the units digit of y?
6
Let p(u) = u**2 - 6*u - 3. Let h = 60 + -45. What is the units digit of p(h)?
2
Let j be (-3)/((-9)/21) + (0 - 2). Suppose j*o - 427 = 3*c, 2*c = o - 2*c - 99. What is the tens digit of o?
8
Suppose 0 = -5*g - 3*m + 677, 5*g - 303 - 378 = -4*m. What is the units digit of g?
3
Let q be (-88)/(-16) - 2/4. Suppose 3*j + 0*t + q*t = 1044, 2*t - 1044 = -3*j. What is the hundreds digit of j?
3
What is the tens digit of 345*(-12)/20*(4 - 16)?
8
Let b be (-49)/(4 + ((-490)/(-24))/(-5)). Suppose 4*q - 4*s = -s + b, 0 = -4*q - 3*s + 612. What is the tens digit of q?
5
Let t(b) = -2*b**2 - 5*b. Let y be t(-2). Suppose -2*s - 5*c + y*c = -42, 5*s + 2*c - 116 = 0. What is the units digit of s?
4
Let v(c) = 160*c**3 + 8*c**2 - 10*c - 4. What is the hundreds digit of v(2)?
2
Let g(k) = -k**3 - 3*k**2 - 4*k - 2. Let p be g(-2). Suppose 3*a = -4*l + 663, 11*l = 10*l - p*a + 167. What is the hundreds digit of l?
1
Let y(m) = m**2 + 5*m + 13. Let d be y(-10). Let c = -23 + d. Suppose -c = -10*z + 6*z. What is the units digit of z?
0
What is the tens digit of ((-5841)/(-55))/(7/35)?
3
What is the tens digit of 2237*((-7)/(-2) - 85/34)?
3
Let b(y) be the first derivative of y**3/3 - 7*y**2 + 15*y - 16. What is the tens digit of b(17)?
6
Suppose i + 14 = 5*l, 3*l = 2*l + 3*i + 14. Suppose 0 = -l*h + 107 - 35. What is the units digit of h?
6
Let g = 1519 + -459. What is the hundreds digit of g?
0
What is the units digit of (-8)/6 - (-45269)/87?
9
Let v be 3*4/(-12)*-158. What is the units digit of v/13 + 12/(-78)?
2
Suppose 0 = 2*s - 5*d - 139, 5*s + d - 364 = -3*d. Let i = s - 23. What is the units digit of i?
9
Suppose 4*n = 3*w - 1490, 4*n = -2 + 6. What is the tens digit of w?
9
Let l(z) = -67*z + 24. What is the units digit of l(-3)?
5
Let o = -21 + 7. Let k = o - -18. Suppose -5*u - 2 = -3*a, k*u + 6 = 3*a + u. What is the units digit of a?
4
Let u(p) = -p**2 + 10*p - 9. Let o be u(9). Suppose -4*w + 3*d - 2 + 26 = o, 0 = -w - 5*d + 29. Suppose 0 = 4*r - w*r + 25. What is the units digit of r?
5
Let t(o) = -6*o + 10. Let l be t(3). Let q be (-2)/8 + (-822)/(-24). Let v = q + l. What is the units digit of v?
6
What is the hundreds digit of (6 - 4 - 13)*(2 + -179)?
9
Suppose 33 = -h + 109. Let w = -31 + h. What is the units digit of w?
5
Let b(f) = -f**2 + 10*f + 3. Let w be b(10). Suppose w*o = 3*d + 64 + 269, 0 = 2*o - 4*d - 218. What is the tens digit of o?
1
Suppose -4*w - 5*w = 18. What is the hundreds digit of w/(-8) - (1470/(-8) - -3)?
1
Let g(d) = -d**3 - 4*d**2 - 3*d - 5. Let q be g(-5). Let v = 77 - q. What is the tens digit of v?
4
Suppose -4*n - 2*h = -3420, n + 49*h - 865 = 46*h. What is the tens digit of n?
5
Let a(z) be the first derivative of -z**2 + 6*z + 4. Suppose -c = c + 6. What is the tens digit of a(c)?
1
Suppose 5*d - s + 2*s = 20, 3*d - 29 = -4*s. Let j be (-6)/((-6)/d) - 0. Suppose -j*o - 4*f = -24, o + 5*f = 2*o + 11. What is the units digit of o?
4
Suppose -29*i + 1692 = -17*i. What is the units digit of i?
1
Suppose 5*t + 848 = 3253. What is the tens digit of t?
8
Let m(d) = d**3 - 6*d**2 + 5*d - 14. Let l be ((-12)/(-9))/(6/27). What is the tens digit of m(l)?
1
Suppose 4*i = -2*v + 12, -15*v + 14*v = i - 3. Suppose v = x + 4*x - 1170. What is the hundreds digit of x?
2
Let y(z) = 45*z**2. Let b be y(2). Suppose 5*o = -2*q + 449, -2*o + o = -3*q + 716. Suppose -2*g - 3*g = m - q, -4*g + 4*m = -b. What is the units digit of g?
7
Let z be (-5 - (0 - 4))/(-1). What is the units digit of (-1)/z*0 - -85?
5
What is the hundreds digit of (1206/(-335))/((-1)/95)?
3
Suppose 0 = 3*x + x - 16. Let c be (-2)/x + (-3)/(-2). What is the units digit of 1/(c*2/20)?
0
Suppose -2*q = -3*w + w + 12, 24 = 2*w - 5*q. Suppose -2*n + 74 - 21 = -5*r, -r - 17 = -w*n. What is the units digit of (39/(-4))/(r/24)?
6
Let s = 4017 + -2378. What is the hundreds digit of s?
6
Let w be 0 - 0 - (-6 - -1). Suppose 0 = k + k + 3*o - 105, -2*k - w*o + 111 = 0. Suppose k = 2*t - 4. What is the tens digit of t?
2
Let l = -2562 - -2604. What is the units digit of l?
2
Let s = -82 - -176. What is the tens digit of s - (5 - (-1 - -3))?
9
Let d = 15 + -11. Suppose 5*r = 10, 5*m - d*r - 113 - 319 = 0. What is the tens digit of m?
8
Let q = 1358 - 2308. What is the tens digit of q/(-12) + (-15)/90?
7
Let m be 1 - 6/3*11. Let d = m - -18. What is the tens digit of (-32)/6*(-6 - d)?
1
Let s = -984 - -1639. What is the tens digit of s?
5
Suppose 1965 = 9*f - 8*f + z, 1970 = f - 4*z. What is the units digit of f?
6
Let a = -54 + 87. Let n = 18 - a. What is the tens digit of ((-80)/(-12))/((-2)/n)?
5
Let k = 10963 - 6024. What is the units digit of k?
9
Let b(v) = v**3 - 7*v**2 - 2*v - 26. What is the tens digit of b(9)?
1
Let g be ((-216)/(-4 - -7))/(3/6). Let r = -34 - g. What is the tens digit of r?
1
Let v(f) = 680*f**2 + 43*f + 84. What is the hundreds digit of v(-2)?
7
Suppose -5*v = 2*q + q - 115, 0 = 3*q. Let s = -21 + v. Suppose -4*p + 67 = -5*n - 37, -s*n = -4*p + 104. What is the units digit of p?
6
Suppose b - 4824 = 2*p, 6*b + 19*p = 21*p + 28984. What is the units digit of b?
2
Let r be -4 - (-10)/15*(-81)/(-6). Suppose -r*c + 375 = 5*i - 0, -3*c - 4*i = -220. What is the units digit of c?
0
Let l be 1*(-12)/(-10)*110/33. Suppose -l*c + 13 + 119 = 0. What is the units digit of c?
3
Let z be 2 - (-1 + (-2 + -17)*1). Suppose z = v - 48. What is the tens digit of v?
7
Suppose 7*l + 127 = 4250. What is the tens digit of l?
8
Let x be (-4 - 22*(-3)/15)*10. Suppose 48 = 2*t + 2*j, x*t - 4*j - 4 = 3*t. What is the tens digit of t?
2
Let z be (-30)/(-4)*16/24. Suppose 3*f - 5*k = 363, 310 + 83 = 3*f + z*k. What is the tens digit of f?
2
Let r(j) = j**3 - j**2 - 10*j - 11. Let v(t) = t**3 - 11*t - 11. Let s(n) = 4*r(n) - 3*v(n). Let f be (11 - 1) + (-4)/1. What is the units digit of s(f)?
9
Let o(b) = -5*b + b**2 + 3 - 4*b + b + 0*b. What is the hundreds digit of o(-8)?
1
Suppose 4*a = -5*m + 4, 4*m + a = 6*a - 5. Let b be (62 - m)*3/6. What is the tens digit of b + 1 + (1 - -1)?
3
What is the hundreds digit of (-1)/(-5) + 13197/(-30)*-2?
8
Let a be -1*(-782)/6 + 1/(-3). Let l = -77 + a. What is the units digit of l?
3
Suppose 29*y - 3337 = 31695. What is the hundreds digit of y?
2
Let n be (1 + (-3 - -1))*-3. Suppose 0 = l - n*o - 34, 2*l - 5*o + 32 = 105. What is the tens digit of l?
4
Let z = 114 + -104. What is the tens digit of z?
1
Let v(a) = -5 - 5 + 11*a + 0 + 8. What is the units digit of v(10)?
8
Let c(x) = -7*x**2 + 2*x. Let g be c(-2). Let b be 30/(3 - (-84)/g). What is the units digit of 256/b - 1/5?
3
Let f(p) = -8*p - 10*p**2 + 75*p**2 + 7*p. Let z be f(-1). Let b = 106 - z. What is the tens digit of b?
4
What is the tens 